1)/((-2)/35))/((-1)/(-2)) is divided by v.
8
Suppose 80 = 3*d - 5*b, 0 = -3*d - 2*b - 8 + 60. Calculate the remainder when 115 is divided by d.
15
Let n = 128 + -115. What is the remainder when 51 is divided by n?
12
Let g be (-1 - (-2 + -1)) + 1. Suppose g*v - 130 = -2*v. What is the remainder when v is divided by (-3)/(-4) - (1 + (-570)/40)?
12
Let c(z) = -5*z**2 - 6 + 2*z + 9*z - z**3 + 3*z**2. Let s be c(-5). What is the remainder when 340/s - (-2)/(-7) is divided by 14?
10
Let f(n) = 12*n**2 + 4*n + 6. Let k(m) = -2*m**3 + m**2 + m - 2. What is the remainder when f(-2) is divided by k(-2)?
14
Let l(z) = z**3 + 9*z**2 + z + 12. Let g be l(-9). Suppose 7*f = g*f + 212. Calculate the remainder when f is divided by 11.
9
Suppose -18 = 4*j - 0*j + l, -30 = 5*j + 5*l. Let h = j + 63. What is the remainder when h is divided by 30?
29
Let u = 78 + 23. Let c be u + -4 + -3 + 4. Let z = c - 40. Calculate the remainder when z is divided by 15.
13
Let o(d) = 20*d**2 + 0*d - d - 19*d**2 - 10. Let y be o(-6). Suppose 3*w - 25 - y = 0. What is the remainder when w is divided by 11?
8
Calculate the remainder when (348 - 14)/((-2 - -1) + 3) is divided by 7.
6
Let s be ((-120)/25)/(-2 + 43/20). Let z = -3 - 1. What is the remainder when (232/s)/(1/z) is divided by 8?
5
What is the remainder when ((10 - 4) + -2)*158/8 is divided by 33?
13
Suppose x + 3*a = 71 - 65, x + a = 10. Let y(z) = -2 - 2 + 5 - 20*z**3. Calculate the remainder when y(-1) is divided by x.
9
Let c(z) = z**3 - 6*z**2 - 8*z + 12. Let i be c(8). Suppose 48 = 4*s + a - i, -155 = -5*s - 3*a. What is the remainder when s is divided by 12?
7
Let u(v) = -v**2 + 12*v - 17. What is the remainder when u(6) is divided by 6?
1
Let r = -282 + 351. Calculate the remainder when r is divided by 43.
26
Let w(s) = 2*s**2 + 3*s + 2. Calculate the remainder when w(6) is divided by (58 - 60)*(-1)/(-1)*2 - -51.
45
Suppose 3*o + 125 = 3*l + 5*o, -2*o + 47 = l. Let c(v) = -v**3 + 8*v**2 - 7*v. What is the remainder when l is divided by c(2)?
9
Let i = 58 + -29. Let x = 49 - i. Suppose -2*k - 4*p = -148, -5*k + 2*p = -358 - 36. Calculate the remainder when k is divided by x.
18
Let w = -18 + 208. What is the remainder when w is divided by 65?
60
Suppose 5*f - s - 584 = 0, -282 = -4*f + 3*s + 183. Let u be ((-4)/(-2))/((-3)/f). Let r = 112 + u. Calculate the remainder when r is divided by 9.
7
Let f(t) = 3*t - 9. Let z be f(13). Let b = -10 + z. Suppose -k + b = 5*i, i + 10 + 10 = k. What is the remainder when 58 is divided by k?
18
Let p(d) = -d**2 + 21*d + 133. Calculate the remainder when p(24) is divided by 7.
5
Calculate the remainder when 86 is divided by 5 + 1 + (-4 - (17 - 26)).
9
Let q(r) = 7 - 1 + 27*r**2 + r - 32*r**2 + r**3. Calculate the remainder when 21 is divided by q(5).
10
Let n = 35 + -29. Suppose -52 - 296 = -n*k. What is the remainder when k is divided by 15?
13
Let p(v) = v + 35. What is the remainder when 190 is divided by p(4)?
34
What is the remainder when 204 is divided by 12 - ((-1)/((-6)/(-24)) - 2)?
6
Suppose 0 = -2*q - 2*m - 17 + 45, 2*q - 2*m = 20. Suppose 13*v - q*v - 4 = 0. Suppose -7 = -g - 2. Calculate the remainder when g is divided by v.
1
Let f(u) = 7*u + 41. What is the remainder when (-56)/(-10)*55/22 is divided by f(-5)?
2
Let v be -7*((-72)/(-21) - 4). Suppose v*w = -2*q + 72, 0 = -q + 2. Calculate the remainder when w is divided by 10.
7
Let j = 158 - 152. What is the remainder when j is divided by 2?
0
Let p(m) be the first derivative of -m**4/2 - 2*m**3/3 - 7*m**2/2 - 7*m + 20. Calculate the remainder when p(-4) is divided by 24.
21
Suppose 0*z + 4 = -2*z. Suppose -5*u + 4*j = 15, 2*u - 6*j + 6 = -2*j. What is the remainder when 8 is divided by (5/u)/(z/6)?
3
Suppose h + 8*s = 4*s + 42, 0 = h + s - 27. Suppose 63 = 5*p - 2*o + 4*o, -4*p + 49 = 3*o. What is the remainder when h is divided by p?
9
Let g = -56 + 133. Suppose -x + j + 59 = 0, -3*x - j = 2*x - 307. Let d = x + -45. Calculate the remainder when g is divided by d.
13
Let d(n) = -333*n**2 + 3*n + 2. Let r be d(-2). Let b = r - -881. Calculate the remainder when 4/(-6) + b/(-21) is divided by 6.
3
Let g = -36 - -44. Let v = 17 + g. Calculate the remainder when v is divided by 13.
12
Let k(a) be the third derivative of a**5/60 + a**4/6 - 5*a**3/6 + 2*a**2. Suppose -z = 1 + 5. Calculate the remainder when 25 is divided by k(z).
4
Let c(h) = -h**2 - 22*h - 81. Calculate the remainder when 69 is divided by c(-15).
21
Let i(n) = n**2 - 8*n - 15. Suppose -3*z + 4 = -29. Calculate the remainder when 3/2*230/5 is divided by i(z).
15
Let o(k) = -k**3 + 63*k**2 + 339*k + 103. Let w = 7 - -13. Suppose 0*r - 2*b = 2*r - w, 3*r - 44 = 4*b. What is the remainder when o(68) is divided by r?
11
Calculate the remainder when 191 is divided by 3*(6 + 0) - 5.
9
Suppose -79*k + 2208 = -67*k. What is the remainder when k is divided by 37?
36
Calculate the remainder when 341 - 77/(-44)*4 is divided by 10.
8
Let b be 142/(-2 + 1) - 1. Let v be (-9)/(-27) - 295/3. Let w = v - b. What is the remainder when w is divided by 12?
9
Let s(h) = -2*h - 8. Let r = -22 + 10. Let p be ((-21)/(-4))/7*r. Calculate the remainder when 39 is divided by s(p).
9
Calculate the remainder when (-34 + -2)*12/(-18) + -3 is divided by 5.
1
Suppose 0 = -4*f - 272*c + 274*c + 262, 4*f + 4*c = 256. Calculate the remainder when 139 is divided by f.
9
Let p = 271 - 262. What is the remainder when 170 is divided by p?
8
Let j(p) = p**2 - 14*p + 33. Calculate the remainder when j(17) is divided by 22.
18
Let v = -743 - -1052. Suppose 0 = -5*p + s + v, -5*s - 3 + 194 = 3*p. What is the remainder when p is divided by 9?
8
Suppose -4*f + 7*f = l + 1, -5*l = f + 5. Suppose 0 = 2*u + 3*u - 160. Calculate the remainder when u is divided by (-4 + -16)/l + -3.
15
Suppose -4*x + 100 = 5*j - 2*j, 0 = -2*x - 4*j + 60. What is the remainder when x is divided by 1/10*6 - (-124)/10?
9
Let k be (-2 - 1) + (1 - (-30)/3). Suppose k*o + 187 - 1347 = 0. What is the remainder when o is divided by 37?
34
Let i(j) = j**3 - 5*j**2 + j - 2. Let s be i(5). Suppose -4*n - 76 = -4*p - 0*p, -2*n + 37 = s*p. Calculate the remainder when 28 is divided by p.
13
Suppose -65*p = -53*p - 1464 + 48. Calculate the remainder when p is divided by (-1 - (0 - 17)) + -1.
13
Let g(m) = -m**3 + 20*m**2 - 24*m + 96. Calculate the remainder when 37 is divided by g(19).
0
Let q = 217 + 4. What is the remainder when q is divided by 38?
31
Suppose 4*y - 3*j - 144 = -6*j, 3*y + j - 103 = 0. Suppose -12 = -3*b + 9. What is the remainder when y is divided by b?
5
Let q(z) = -z**3 + 11*z**2 - 14*z - 22. Suppose 19*u = 167 + 4. What is the remainder when 49 is divided by q(u)?
7
Let x(n) = -n**3 - 3*n + 74. Let j be x(0). Let o = -52 + j. What is the remainder when o is divided by 12?
10
Let c = 124 - 134. Let t(w) = 1 - w + 2 - 5. Calculate the remainder when 30 is divided by t(c).
6
Suppose 11*x = -4*x + 1050. Calculate the remainder when x is divided by 25.
20
What is the remainder when (-169)/(((-1)/(-2))/(1 - 2)) is divided by 69?
62
Let u be (5/(-1)*-2)/(40 + -38). Suppose 1 = 3*n - 11, u*n - 35 = -3*c. What is the remainder when 5 is divided by c?
0
Let q(m) = 42*m - 4. Let n be q(1). Suppose -n*f - 72 = -42*f. Calculate the remainder when 51 is divided by f.
15
Let j = -306 + 523. Let x = 314 - j. Calculate the remainder when x is divided by 25.
22
Let d = -11 - -55. Let p = -20 + d. Let l = p - -30. What is the remainder when l is divided by 14?
12
Let q = 5 - 2. Let d(l) = 6*l - 4. Let g(r) = -2*r**3 - r**2 + r - 3. Calculate the remainder when g(-3) is divided by d(q).
11
Let w = -12 + 14. Suppose -6*j + w*j + 755 = -y, 0 = -y + 5. Suppose 0 = -5*r - 4*g + 245, j = 4*r - 2*g + 4*g. What is the remainder when r is divided by 16?
13
Suppose m = -3*m - 224. Let q be ((-18)/12)/(3/m). Let a = q + -18. What is the remainder when 27 is divided by a?
7
Let m(o) = 14*o - 16. What is the remainder when 116 is divided by m(3)?
12
Suppose q = -u + 80, -406 = 2*u - 7*u - 3*q. What is the remainder when u is divided by 42?
41
Let p(z) = 81*z + 422. What is the remainder when 98 is divided by p(-5)?
13
Let v(r) = -27*r + 24*r - 3 - 4*r**2 - r**3 + 2*r**3. Let g(x) = 4*x + 2. Calculate the remainder when g(4) is divi